 + 2. List the prime factors of o(-6).
3, 5
Let d(r) = 5*r**3 - r**2 - 3. List the prime factors of d(2).
3, 11
Suppose 52*t - 60*t + 2080 = 0. What are the prime factors of t?
2, 5, 13
Suppose 3*u - 3 = 3*j, -4*u - 3 = 1. Let a be (1/(-3)*0)/j. What are the prime factors of a + 3 + -1 - -12?
2, 7
Suppose -3*w + 5*h = -1021, -3 = h - 7. What are the prime factors of w?
347
Let c be 3/(-12) + (-282)/(-8). Let f = c + -15. What are the prime factors of f?
2, 5
Let w = -9 + 12. Let u be (-108)/(-21)*(-14)/(-3). Suppose -4*t + u = -2*t + g, t - 12 = -w*g. List the prime factors of t.
2, 3
List the prime factors of 3 - 7 - (1 + -32).
3
Let z be 1 + -3 + 2 + 2. Suppose z*w - 5 = 3. List the prime factors of w.
2
Suppose -18 = 3*q - 9*q. List the prime factors of q.
3
Suppose -4*x + 3*x + 1551 = 5*p, -1228 = -4*p - 4*x. List the prime factors of p.
311
Let z = 86 - 50. What are the prime factors of z?
2, 3
Let b(c) = c**2 - 3*c + 2. Let w be b(1). Suppose 0*n + 2*n - 70 = w. List the prime factors of n.
5, 7
Let v(b) = 9*b - 13. What are the prime factors of v(11)?
2, 43
Suppose 5*m + 4*k = 98, 57 = 4*m - k - 13. Let u = -3 + 32. Let t = u - m. List the prime factors of t.
11
Suppose 5*q + 5*o = 80, 3*q + 64 = 7*q - 5*o. Suppose -j + 12 = -q. Suppose 5*h - j = 12. What are the prime factors of h?
2
Let b be 5 - (-3 + (1 - 0)). Let o be (-72)/b - (-4)/14. Let n = o - -18. What are the prime factors of n?
2
Suppose -7 = 4*i + v, 3*i - 3*v = -5*v - 4. Let z = i + 6. Suppose -2*l = -2*y - 44, -y - 36 = z*l - 119. What are the prime factors of l?
3, 7
Let a be (-4 + 2)*(-1 + 2). Let z = a - -24. List the prime factors of z.
2, 11
Suppose -12 = 4*k + 4*a, -5*k = -10*k - 3*a - 5. Suppose -c + 18 = k*c. List the prime factors of c.
2, 3
Let z(w) = -w**3 - w**2 + w - 40. Let x be z(0). Let c = -17 - x. List the prime factors of c.
23
Suppose 20 = 2*z + 3*z. Let p(h) = -h**3 - 9*h**2 - h - 9. Let b be p(-9). What are the prime factors of b + z*3/6?
2
Let s(i) = i**2 - 3*i + 1. Let l be s(3). Let o be (l + (0 - 100))*-1. Suppose 24 - o = -5*c. What are the prime factors of c?
3, 5
Let s(h) = 2*h**2 - 5*h - 1. Let b(v) = -v. Let z(c) = -3*b(c) + s(c). Let j be z(-1). List the prime factors of (-4)/(-12) - (-32)/j.
11
Let k(h) = -h**2 + 4*h. Let q be k(3). Let p = 18 - q. List the prime factors of p.
3, 5
What are the prime factors of ((-11 - 2) + 1)*(-493)/87?
2, 17
Let h be 158/14 - 4/14. Let x(t) = -t**2 - 5*t + 1. Let b be x(-5). Let w = h - b. What are the prime factors of w?
2, 5
Let f = -7 + 9. Suppose 3*h = f*h + 13. What are the prime factors of h?
13
Let v = 2 - 9. Let t = v + 15. Suppose d + d - t = 0. List the prime factors of d.
2
Let x be (-2)/(-8) - (-69)/(-4). List the prime factors of (-15)/(-20) + x/(-4).
5
Let i be ((-2)/2 - -2) + -2. Let t be 2 - 26 - (-1 - i). Let j = -16 - t. What are the prime factors of j?
2
Let k(f) = f**3 - 15*f**2 + 2*f + 17. List the prime factors of k(15).
47
Let m = 1 - 2. What are the prime factors of (1*-12)/(m + -1)?
2, 3
Let g be (-1)/(2/(-3 + 1)). Let i be (7 - 9) + (-22 - g). Let m = i - -44. What are the prime factors of m?
19
Suppose -5*q + 3*r - 12 = 0, -2*q + 3*q + 5*r = 20. Suppose t = 5*x - 23, -3*x = -2*t - 17 + 6. Let w = q + t. List the prime factors of w.
2
Let t(z) = 2*z**2 - z - 1. Let b be (0 + -1)/(1/(-2)). Let h be t(b). Let d = h + 1. List the prime factors of d.
2, 3
Suppose -9 = 2*x - x. Let v be -2 - x - (-6 - -3). Suppose -2*i = 3*i - v. What are the prime factors of i?
2
Let o(r) = -r**3 + 7*r**2 + 8*r - 11. What are the prime factors of o(7)?
3, 5
Suppose 19 = 3*j - 4*v, -j - 2*j + 2*v + 23 = 0. Suppose j + 37 = 2*k - 5*q, -3*k + 35 = q. Suppose k + 11 = 2*g. List the prime factors of g.
2, 3
Suppose -8*s = -6*s - 164. List the prime factors of s.
2, 41
Suppose -5*k - 31 = -6, -5*k = 4*s + 25. Let x be s + 2*(-5)/(-2). Suppose x*v - 30 = -0. What are the prime factors of v?
2, 3
Let x(z) = -z**2 - 3*z + 3. Let o be x(-3). Let l = 11 + o. What are the prime factors of l?
2, 7
Let w(n) = n - 3. Let x be w(4). Let m = -1 - -3. Suppose -m*y + 7 + x = 0. What are the prime factors of y?
2
Let p be (-4)/14 + 6/21. Let a be -2 + 2 + 1 + p. Suppose 0 = -3*k - 2*z - a, 0*k + k - 3*z = 18. What are the prime factors of k?
3
Suppose 4*o - 146 = 94. What are the prime factors of o?
2, 3, 5
Let u(s) = 8*s + 4. Let t be u(4). What are the prime factors of t*(22/8 - 2)?
3
Suppose -5 = y - 14. List the prime factors of y - -4*2/(-4).
7
Let s(z) = -7*z - 3*z**2 + z**3 - z**2 + 5 - 4*z**2. Let l be s(9). Suppose -2*k + l - 7 = 0. List the prime factors of k.
2
Suppose -38 = 2*l + 2*j, -j = 4*l - 3*j + 88. Suppose d + 0 + 14 = -5*z, -4*d - 56 = 4*z. Let g = d - l. List the prime factors of g.
7
Suppose -j = -2*j + 2. Suppose l - 3 = 0, 2 + 36 = j*g - 4*l. Suppose g = 3*s + 4. List the prime factors of s.
7
Let b(y) = y**2 + 1 - 19*y**3 + 5*y**3 - 2. Suppose -x + 5*x + 24 = -4*g, 5*x = -2*g - 15. What are the prime factors of b(x)?
2, 7
Let f = 14 + -16. List the prime factors of (-54)/((-3)/1) - f.
2, 5
Let v = -46 + 74. What are the prime factors of v?
2, 7
Let s = 23 + -2. List the prime factors of s.
3, 7
List the prime factors of (-448)/(-16)*(0 - -1).
2, 7
Let s = 9 + -12. What are the prime factors of 21 + 3/s - 1?
19
Let f = -5 + 8. Suppose -f*b = -2 - 13. List the prime factors of b.
5
Let h(k) = -k**3 - 6*k**2 - 2*k - 9. Let g be h(-6). Let a = 3 - g. Suppose 0*d - 3*d + 36 = a. What are the prime factors of d?
2, 3
Let w be -40 + 1 + 3/1. Let r = 57 + w. List the prime factors of r.
3, 7
Suppose m = -8*s + 6*s + 376, 3*s = -4*m + 1494. What are the prime factors of m?
2, 3, 31
Let f(y) = y**3 + 5*y**2 + 3*y + 2. Let u be f(-4). Let k be (3 + (-16)/u)*33. What are the prime factors of (-4)/(-3 - k/(-4))?
2
Suppose 0 = 15*g - 19*g + 276. What are the prime factors of g?
3, 23
Let k be 2/3 + (-2)/(-6). Suppose -2*c - 2*s = -8, 0 = 2*c - 4*s - 3 + k. Suppose -2*v = 5*t - 18, -5*v - c*t + 78 = -7*t. What are the prime factors of v?
2, 7
Suppose -f + 0*u + 10 = 4*u, 0 = 4*u + 16. What are the prime factors of f?
2, 13
Let f(d) = -d**2 - 7*d + 1. Let s be f(-6). Let c = 1 + s. List the prime factors of c.
2
Let j(h) = 26*h**3 + 1. Let x be j(-1). Let p = 35 + x. List the prime factors of p.
2, 5
Let b(v) = -v**3 - 5*v**2 - v - 6. Let w be b(-5). Let p(l) = -l + 25*l**2 - 4*l**2 + 2*l. List the prime factors of p(w).
2, 5
Let a(r) = -r**3 + 2*r**2 + 3*r + 1. Let z be a(3). Let y = z - 1. Suppose 0*b + b - 6 = y. What are the prime factors of b?
2, 3
Suppose -p - 4 = -2*p. Suppose 2*w - 4*j - 35 = -w, 3*j = p*w - 35. List the prime factors of w.
5
Let y = -10 + 18. What are the prime factors of ((-2)/(-3))/(y/132)?
11
Suppose c - 1 = 9. Let a = c + 0. What are the prime factors of a?
2, 5
Let f be 3/((-9)/21) - -2. Let o(c) = -5*c - 10. What are the prime factors of o(f)?
3, 5
Let w = 1 + 2. Suppose 95 = 5*o - 4*m, -2*o = -w*o - 3*m. List the prime factors of o.
3, 5
Let b(d) = -4*d + d - 1 + d + d. Suppose 3*j = -0*j - 12. What are the prime factors of b(j)?
3
Let v(m) = 4*m**2 - 2*m + m - 2 + m. What are the prime factors of v(2)?
2, 7
Let u = 47 - 44. What are the prime factors of u?
3
Let l(w) = w**2. Let d(z) = -2*z**2 + 1. Let k(x) = d(x) + 4*l(x). What are the prime factors of k(3)?
19
Let z be 260/12 - 2/3. Suppose -2*v + 59 = z. List the prime factors of v.
19
Let b(i) be the second derivative of -11*i**3/3 - 5*i. List the prime factors of b(-1).
2, 11
Let f be 17 - 19 - (7 - 1). Let y(x) = 2*x**2 + 9*x - 4. List the prime factors of y(f).
2, 13
Let r be ((-2)/(-8))/(1/12). What are the prime factors of (2/r)/((-13)/(-234))?
2, 3
Let k = -21 - 29. Let r = 17 + k. Let m = -20 - r. List the prime factors of m.
13
What are the prime factors of (-1159)/(-9) - 16/(-72)?
3, 43
Suppose 12 = -3*i + 4*x + 1, -5*i + 3*x = 0. Suppose -12 = -i*h + 2*h. List the prime factors of h.
2, 3
Let z(b) = -b**2 - 10*b - 4. Let n be z(-10). Let o = -4 - n. Suppose -h - 4 + 11 = o. What are the prime factors of h?
7
Let k(v) = -7*v**2 + 1. Let w be k(-1). Let n = w - -16. List the prime factors of n.
2, 5
Let h(y) = 2*y**3 - 8*y**2 + 12*y - 11. What are the prime factors of h(5)?
3, 11
List the prime factors of ((-1